{"id":28,"date":"2014-12-26T15:09:06","date_gmt":"2014-12-26T14:09:06","guid":{"rendered":"http:\/\/showbuss.no\/?page_id=28"},"modified":"2024-12-18T11:36:11","modified_gmt":"2024-12-18T10:36:11","slug":"nightliner-2","status":"publish","type":"page","link":"https:\/\/showbuss.no\/?page_id=28","title":{"rendered":"VIP minibuss 8 passasjerer"},"content":{"rendered":"<p><a href=\"http:\/\/showbuss.no\/wp-content\/uploads\/2024\/12\/VIP-Minibuss.jpg\"><img loading=\"lazy\" decoding=\"async\" class=\"alignnone wp-image-127 size-medium\" src=\"http:\/\/showbuss.no\/wp-content\/uploads\/2024\/12\/VIP-Minibuss-300x225.jpg\" alt=\"\" width=\"300\" height=\"225\" srcset=\"https:\/\/showbuss.no\/wp-content\/uploads\/2024\/12\/VIP-Minibuss-300x225.jpg 300w, https:\/\/showbuss.no\/wp-content\/uploads\/2024\/12\/VIP-Minibuss-1024x768.jpg 1024w, https:\/\/showbuss.no\/wp-content\/uploads\/2024\/12\/VIP-Minibuss-768x576.jpg 768w, https:\/\/showbuss.no\/wp-content\/uploads\/2024\/12\/VIP-Minibuss-1536x1152.jpg 1536w, https:\/\/showbuss.no\/wp-content\/uploads\/2024\/12\/VIP-Minibuss-2048x1536.jpg 2048w\" sizes=\"auto, (max-width: 300px) 100vw, 300px\" \/><\/a><br \/>VIP 8 passesjeres minibuss, god komfort og god plass til bagasje<\/p>\n\n\t\t<style type=\"text\/css\">\n\t\t\t#gallery-1 {\n\t\t\t\tmargin: auto;\n\t\t\t}\n\t\t\t#gallery-1 .gallery-item {\n\t\t\t\tfloat: left;\n\t\t\t\tmargin-top: 10px;\n\t\t\t\ttext-align: center;\n\t\t\t\twidth: 33%;\n\t\t\t}\n\t\t\t#gallery-1 img {\n\t\t\t\tborder: 2px solid #cfcfcf;\n\t\t\t}\n\t\t\t#gallery-1 .gallery-caption {\n\t\t\t\tmargin-left: 0;\n\t\t\t}\n\t\t\t\/* see gallery_shortcode() in wp-includes\/media.php *\/\n\t\t<\/style>\n\t\t<div id='gallery-1' class='gallery galleryid-28 gallery-columns-3 gallery-size-thumbnail'><dl class='gallery-item'>\n\t\t\t<dt class='gallery-icon landscape'>\n\t\t\t\t<a href='https:\/\/showbuss.no\/?attachment_id=128'><img loading=\"lazy\" decoding=\"async\" width=\"150\" height=\"150\" src=\"https:\/\/showbuss.no\/wp-content\/uploads\/2024\/12\/6-gode-sitteplasser-bak-150x150.jpg\" class=\"attachment-thumbnail size-thumbnail\" alt=\"\" \/><\/a>\n\t\t\t<\/dt><\/dl><dl class='gallery-item'>\n\t\t\t<dt class='gallery-icon portrait'>\n\t\t\t\t<a href='https:\/\/showbuss.no\/?attachment_id=129'><img loading=\"lazy\" decoding=\"async\" width=\"150\" height=\"150\" src=\"https:\/\/showbuss.no\/wp-content\/uploads\/2024\/12\/2-sitteplasser-forran-150x150.jpg\" class=\"attachment-thumbnail size-thumbnail\" alt=\"\" \/><\/a>\n\t\t\t<\/dt><\/dl><dl class='gallery-item'>\n\t\t\t<dt class='gallery-icon landscape'>\n\t\t\t\t<a href='https:\/\/showbuss.no\/?attachment_id=130'><img loading=\"lazy\" decoding=\"async\" width=\"150\" height=\"150\" src=\"https:\/\/showbuss.no\/wp-content\/uploads\/2024\/12\/lasterom-VIP-minibuss-150x150.jpg\" class=\"attachment-thumbnail size-thumbnail\" alt=\"\" \/><\/a>\n\t\t\t<\/dt><\/dl><br style=\"clear: both\" \/><dl class='gallery-item'>\n\t\t\t<dt class='gallery-icon portrait'>\n\t\t\t\t<a href='https:\/\/showbuss.no\/?attachment_id=126'><img loading=\"lazy\" decoding=\"async\" width=\"150\" height=\"150\" src=\"https:\/\/showbuss.no\/wp-content\/uploads\/2024\/12\/Muligheter-med-rampe-150x150.jpg\" class=\"attachment-thumbnail size-thumbnail\" alt=\"\" \/><\/a>\n\t\t\t<\/dt><\/dl>\n\t\t\t<br style='clear: both' \/>\n\t\t<\/div>\n\n<p>Vi bruker bredb\u00e5nd fra ICE n\u00e5r vi er p\u00e5 tur med v\u00e5re VIP kunder. <a href=\"http:\/\/showbuss.no\/wp-content\/uploads\/2014\/12\/ice-logo.png\"><img loading=\"lazy\" decoding=\"async\" class=\"alignnone size-full wp-image-95\" src=\"http:\/\/showbuss.no\/wp-content\/uploads\/2014\/12\/ice-logo.png\" alt=\"ice-logo\" width=\"140\" height=\"100\" \/><\/a><\/p>\n\n\n<p><\/p>\n","protected":false},"excerpt":{"rendered":"<p>VIP 8 passesjeres minibuss, god komfort og god plass til bagasje Vi bruker bredb\u00e5nd fra ICE n\u00e5r vi er p\u00e5 tur med v\u00e5re VIP kunder.<\/p>\n","protected":false},"author":1,"featured_media":0,"parent":37,"menu_order":2,"comment_status":"open","ping_status":"open","template":"","meta":{"footnotes":""},"class_list":["post-28","page","type-page","status-publish","hentry"],"_links":{"self":[{"href":"https:\/\/showbuss.no\/index.php?rest_route=\/wp\/v2\/pages\/28","targetHints":{"allow":["GET"]}}],"collection":[{"href":"https:\/\/showbuss.no\/index.php?rest_route=\/wp\/v2\/pages"}],"about":[{"href":"https:\/\/showbuss.no\/index.php?rest_route=\/wp\/v2\/types\/page"}],"author":[{"embeddable":true,"href":"https:\/\/showbuss.no\/index.php?rest_route=\/wp\/v2\/users\/1"}],"replies":[{"embeddable":true,"href":"https:\/\/showbuss.no\/index.php?rest_route=%2Fwp%2Fv2%2Fcomments&post=28"}],"version-history":[{"count":6,"href":"https:\/\/showbuss.no\/index.php?rest_route=\/wp\/v2\/pages\/28\/revisions"}],"predecessor-version":[{"id":133,"href":"https:\/\/showbuss.no\/index.php?rest_route=\/wp\/v2\/pages\/28\/revisions\/133"}],"up":[{"embeddable":true,"href":"https:\/\/showbuss.no\/index.php?rest_route=\/wp\/v2\/pages\/37"}],"wp:attachment":[{"href":"https:\/\/showbuss.no\/index.php?rest_route=%2Fwp%2Fv2%2Fmedia&parent=28"}],"curies":[{"name":"wp","href":"https:\/\/api.w.org\/{rel}","templated":true}]}}